4
Let o(w) = 9*w + 2. Let a(f) = f - 3 + 2*f + 22. Suppose -1377 = 8*l - 1321. Let g be a(l). Calculate o(g).
-16
Let x(g) = g**3 - 13*g**2 + 9*g + 28. Suppose 0 = -5*o - 30, b + 18 = -15*o + 10*o. What is x(b)?
-8
Let p(h) = 30*h + 2. Let s(z) = -14*z - 1. Let d(g) = 6*p(g) + 13*s(g). Let u(r) = 6*r. Let t(k) = -2*d(k) - u(k). Calculate t(8).
-14
Let j(r) = -52*r**3 + r**2 + r + 1. Suppose -1844 = -c + 7*c - 1838. Give j(c).
53
Let r(q) = -q**2 + 2*q + 2. Suppose -2*o - 4*u - 8 = -0*o, 4*u = 12. Let v be (-52)/o - (-33)/(-165). Give r(v).
-13
Let t(y) = -y - 67. Let h be t(-69). Let u(b) = 10*b**3 + b**2 - 3*b - 1. What is u(h)?
77
Let m(x) be the first derivative of x**5/120 + x**4/12 - 77*x**3/3 + 17. Let i(y) be the third derivative of m(y). Determine i(5).
7
Suppose -5*w = -w + y - 8, 3 = 5*w + 3*y. Let d(m) = 3*m - 486. Let z(k) = 7*k - 851. Let u(b) = -7*d(b) + 4*z(b). Calculate u(w).
19
Let k be ((-4)/(-8))/((-1)/12). Let f(i) be the second derivative of -i**3/6 - 7*i**2 + 22144*i. Calculate f(k).
-8
Let n(k) = 6*k + 8. Let h(r) = 3*r + 1. Let p(a) = -a + 11. Let x be p(8). Let f(o) = x*h(o) - n(o). What is f(5)?
10
Let c(v) be the first derivative of 7*v**4/4 - 2*v**3/3 + v - 2615. Determine c(-1).
-8
Let q(b) be the first derivative of b**4/4 + b**3 - b**2/2 + 10*b + 3839. Calculate q(-4).
-2
Let c be (-1862)/(-343) + (-16)/(-28). Let w(y) = 3*y**2 - 10*y - 14. What is w(c)?
34
Let s = 184 + -182. Let l(n) = -2*n**2 + 9*n + 6*n - 13*n + 3*n**s - 1. Calculate l(-5).
14
Let c(h) = -1 + 4 + 3 - 8*h + h**2. Let y(z) = 77 - 11 - 5*z + 0*z. Let r be y(12). Determine c(r).
-6
Let h(z) = -14*z**3 - z + 2. Let a be h(1). Let v be (a - -12)/((-23)/8 + 3). Let r(j) = j**2 + 11*j + 8. What is r(v)?
-16
Let c(r) = -5*r**2 + 190*r + 76. Let v(z) = 3*z**2 - 105*z - 39. Let j(w) = -6*c(w) - 11*v(w). What is j(9)?
-135
Let u = 365 + -358. Let j(q) = q + 9. Let b(l) = l + 8. Let v = -22 + 16. Let w(r) = u*b(r) + v*j(r). Determine w(-3).
-1
Let i(t) = 17*t**2 + 9*t - 26. Let f(n) = -13*n**2 - 8*n + 27. Let h(q) = 4*f(q) + 3*i(q). What is h(-8)?
6
Let q(k) be the third derivative of -k**6/120 - k**5/15 + 5*k**4/12 - 5*k**3/6 - 14*k**2 - 114. Calculate q(-6).
7
Let c(w) be the third derivative of w**5/60 - 25*w**4/24 + 10*w**3 + 19*w**2 + 3*w. Calculate c(22).
-6
Let g(q) = -q**2 - q + 4. Let d be g(-3). Let w(b) = -1609 + 3214 - 1605 + b**2 + 2*b. What is w(d)?
0
Let o(l) be the third derivative of l**4/8 + 11*l**3/3 + 695*l**2. What is o(-6)?
4
Let i = 17 - 12. Suppose -o = i*l - 3*o - 2, -3*l + 3*o + 3 = 0. Let s be l + 4 + -12 + 1. Let d(j) = -j**3 - 6*j**2 + 7*j - 5. Determine d(s).
-5
Let z be ((3 - 0) + -1)*-3. Let s(p) be the third derivative of 5*p**4/24 - p**3/2 + 6*p**2 + 67*p + 2. What is s(z)?
-33
Let t(q) = q**2 + 6*q - 87. Let x be t(-16). Let g = -68 + x. Let z(v) = v**2 + v - 6. What is z(g)?
24
Let n = 34 + -39. Let y be 87/15 + n/(-25). Let x(m) = -46*m**2 + 39*m**2 + y*m - 2*m**3 + 1 + 3*m**3. What is x(6)?
1
Let o(j) = -15*j**2 + 11*j. Let r(d) = 34*d**2 - 22*d + 3. Let x(f) = 9*o(f) + 4*r(f). Determine x(-10).
2
Let b(q) = -q**2 + q + 14. Let i(f) = 17*f - 15. Let h be i(1). Suppose 5*r + 10 = -5*c, -3*r = h*c - 2*r + 2. What is b(c)?
14
Let t(x) be the second derivative of -x**3/3 + 15*x**2/2 + 4*x + 103. Let z be (-13)/(-2) - 1/2. Let y be t(z). Let a(w) = -3*w**2 + 5*w - 2. Calculate a(y).
-14
Let q(z) = z**3 - 11*z**2 - 3. Let c = -458 + 981. Let s = 534 - c. Calculate q(s).
-3
Let x(u) = -143*u**3 + 3*u**2 - 11. Let h(i) = -48*i**3 + i**2 - 4. Let j(d) = 8*h(d) - 3*x(d). What is j(-1)?
-45
Let c(h) be the first derivative of -h**2/2 + 5*h + 4. Let r(k) be the second derivative of -4*k**3/3 + 41*k**2 + 74*k. Let v be r(11). Calculate c(v).
11
Let m(x) = x**3 - 5*x**2 - 8*x - 5. Let z = 19 + -18. Let r be (-84)/70 - z/(-5). Let q(g) = 5*g**2 - g. Let f be q(r). Calculate m(f).
-17
Let z(b) be the third derivative of -1/60*b**5 - 1/6*b**3 + 0*b**4 + 0*b + 85*b**2 + 0. Determine z(4).
-17
Let f(a) = -a**3 - 5*a**2 + 11*a - 12. Let y(u) = -96*u - 487. Let n be y(-5). What is f(n)?
9
Let w be (-6)/(-9)*9/(-6). Let o(v) be the third derivative of -v**4/4 - v**3/3 - 215*v**2 - 4*v. What is o(w)?
4
Let z(o) = 1835*o**2 - 1834*o**2 - 11 - 8 - 7*o. Calculate z(9).
-1
Let s(m) be the first derivative of -m**4/4 + 5*m**3/3 - 3*m**2 + 4*m - 1. Suppose -34*k + 120387 = 120251. What is s(k)?
-4
Let r(s) = -2*s**2 + s - 1. Let g(i) = -14*i**2 + 14*i - 5. Let v(h) = g(h) - 8*r(h). What is v(-3)?
3
Let o(t) = 712*t**2 + 706*t**2 - 1419*t**2. Let h(j) = j + 6. Suppose 5*q = 2*n + 13, n + 4*n + 4 = 3*q. Let w(v) = n*h(v) - o(v). What is w(0)?
6
Let u be (-40)/12 - 1/(-3). Suppose 5*l + 20 = 0, -11*l + 13*l + 326 = 3*o. Let q(h) = 1 + 208*h**2 - o*h**2 + h**3 + 3*h - 99*h**2. Calculate q(u).
-8
Suppose 5*x - 18*v + 22*v = 41, 2*x - 15 = -3*v. Suppose 5*h + x = -61. Let g(y) = -y**3 - 14*y**2 - y - 9. What is g(h)?
5
Let r(h) = h - 4. Suppose -24*j = 434 - 314. Let k be (-12)/j*(5 - (-150)/(-20)). What is r(k)?
-10
Let g(f) = -23*f**2 - 2*f - 1. Suppose 3*d = 2*v - 3*v - 10, 0 = v + d + 2. Suppose -5*b - 4*n - 3 - v = 0, 0 = -5*n. Calculate g(b).
-22
Let r(g) = -g**2. Let f(u) = -3*u + 7*u + 113*u**2 - 1 - u**3 - 112*u**2. Let j(a) = -f(a) + 2*r(a). Let k = -6 - -10. Calculate j(k).
1
Let g(j) be the second derivative of j**4/12 + j**3/2 + j**2/2 - 634*j. Suppose 28*a + 12 = 29*a. Suppose a = -u - 5*q, 3*u + 3*q + 10 = u. What is g(u)?
-1
Suppose -10*o + 15*o - 32 = 4*f, 3*f + 3*o = 3. Let z(w) = 6*w**3 + 19*w**2 + 2*w - 6. Calculate z(f).
-3
Let k(f) = 2*f**2 + 2*f - 1. Let l(y) = y**3 - 33*y**2 - 24*y - 82. Let h be l(34). Let g = -256 + h. Give k(g).
11
Let l(d) be the second derivative of d**5/20 + d**4/12 - 13*d**3/6 - d**2/2 - 53*d + 3. Calculate l(-4).
3
Let x(c) = -c - 4. Let s(q) be the second derivative of q**4/12 - 3*q**3/2 - q**2 - 12*q. Let k be s(9). Let p be 5*-1 + k + 4. Determine x(p).
-1
Let y(b) = -b**2 + 4*b + 5. Let n be (32 - 33)*((-4)/(-2) + -5). Let z(u) = -8*u. Let t be z(-1). Suppose -11 = -3*w - c, n*c = 3*w + 7*c - t. What is y(w)?
5
Let k(u) = -9*u + 60. Let j(n) = -1. Let a(t) = -5*j(t) - k(t). Let h be a(6). Let f(b) = -4*b. What is f(h)?
4
Suppose -169*m - 39 = -166*m + 4*z, -z = 3. Let v(j) = 50*j - 96*j + 47*j + 10. Calculate v(m).
1
Let a(b) be the first derivative of 0*b + 0*b**2 - 1/12*b**4 - 1/60*b**5 + 13 - 13/3*b**3. Let v(g) be the third derivative of a(g). Calculate v(-6).
10
Let a be -1*(-2 - -3) - (3 - 2). Let m be (-8)/16*(-2 + -2 + a). Let d(n) = -n + 7. Determine d(m).
4
Suppose -174*g + p = -172*g - 5, -2*g + 3 = p. Let c(a) be the first derivative of -a**2 - a - 1. Determine c(g).
-5
Let g = 1536 + -1535. Let q(x) be the second derivative of -3*x**4 + x**3/6 + 10*x - 6. Give q(g).
-35
Let j(r) be the second derivative of 59*r**3/6 + 207*r**2 + 1164*r. Give j(-7).
1
Let z(m) = -20*m + 54. Let r be z(11). Let o = r - -172. Let j(t) = -2*t**2 + 8*t. Determine j(o).
-24
Let i(a) = -182*a - 823. Let s(j) = -672*j - 2880. Let g(k) = 18*i(k) - 5*s(k). What is g(5)?
6
Let j(y) be the first derivative of 1/2*y**2 + y + 0*y**3 + 1/2*y**4 + 23. Calculate j(-1).
-2
Let n = 2143 + -2145. Let o(p) = -2*p**3 - p**2 + 4*p + 7. Give o(n).
11
Let d(h) be the second derivative of -35*h**3/6 - 4*h**2 - 11009*h. Calculate d(2).
-78
Let g be 1 + 6/(-81) + (-13)/((-1053)/6). Let a(c) = 22*c - 12. Calculate a(g).
10
Let w(b) = -b**2 - 25*b - 1. Let j(r) = 4*r**2 + 86*r + 6. Let d(f) = j(f) + 3*w(f). Suppose 3*m + 17 + 21 = -4*s, -m = 2. Give d(s).
-21
Let r(x) be the second derivative of 32 + 3*x - 9/2*x**2 - 1/12*x**4 + 1/2*x**3. Calculate r(6).
-27
Let v = -111 + 116. Suppose -85 + 60 = v*j. Let a(w) = 3*w**2 - 6*w - 5*w**2 + w**2 + 6. Calculate a(j).
11
Let b(q) = -7*q + 14*q**2 - 4 + 15*q**2 - 30*q**2 + q. Let u(t) = -6*t - 2. Let p be u(-1). Suppose -h - 5*w = 30, -p*w - 35 = 4*h - w. What is b(h)?
1
Let o(c) be the third derivative of 0 + 0*c - 1/30*c**5 + 1/6*c**3 + 4/15*c**6 + 0*c**4 + 25*c**2. Calculate o(1).
31
Let n(z) = -529*z + 1 + 257*z + 274*z. Let b(v) = -v**3 - 9*v**2 + 12*v + 11. Let y be b(-10). Give n(y).
-17
Let f(m) = -m**2 + 8*m + 2. Suppose 0 = -5*i + 4*a, 0 = 9*i - 5*i + 5*a - 41. Suppose -3*q = 